1 (base 5) to base 12
-229
What is -3274 (base 14) in base 7?
-34304
2320 (base 6) to base 11
462
810 (base 10) to base 11
677
What is 2330 (base 6) in base 13?
33c
-3b1a (base 14) to base 4
-2202230
What is -121022 (base 4) in base 5?
-22420
335 (base 6) to base 10
131
What is -44404 (base 5) in base 9?
-4228
What is -30633 (base 9) in base 3?
-1000201010
Convert -854 (base 10) to base 14.
-450
Convert 10111111000 (base 2) to base 14.
7b2
Convert 2342212 (base 5) to base 7.
240424
Convert -34411 (base 7) to base 8.
-21113
Convert -110111101101110 (base 2) to base 16.
-6f6e
Convert -346 (base 7) to base 14.
-cd
Convert 3a35 (base 11) to base 4.
1101321
Convert -b9 (base 13) to base 10.
-152
22656 (base 8) to base 12
56ba
What is -11101001001 (base 2) in base 7?
-5303
18335 (base 11) to base 10
25690
Convert 2101 (base 13) to base 8.
10724
11406 (base 13) to base 3
1121010110
6660 (base 14) to base 15
53b9
Convert 260a (base 16) to base 9.
14320
Convert -100100 (base 2) to base 13.
-2a
32112220 (base 4) to base 12
2a034
-6342 (base 8) to base 2
-110011100010
What is -15432 (base 7) in base 16?
-10ef
What is 13323 (base 4) in base 13?
300
-b5c (base 16) to base 15
-cdd
Convert -223311 (base 5) to base 6.
-100500
-d94 (base 15) to base 6
-22104
Convert -32310011 (base 4) to base 16.
-ed05
-2307 (base 12) to base 14
-15c3
Convert -13156 (base 9) to base 4.
-2022300
What is 111222 (base 5) in base 13?
1a3b
What is -379 (base 12) in base 4?
-20031
526 (base 11) to base 5
10013
Convert -1ed (base 15) to base 16.
-1c0
What is 4a5 (base 12) in base 10?
701
What is -1264 (base 9) in base 10?
-949
What is 412 (base 15) in base 5?
12132
What is 34108 (base 12) in base 16?
10e98
What is 12b (base 12) in base 4?
2303
-4700 (base 8) to base 15
-b16
What is -200330 (base 5) in base 8?
-14304
What is -76654 (base 8) in base 4?
-13312230
a519 (base 13) to base 6
253421
Convert 120212 (base 3) to base 6.
1552
What is 13605 (base 9) in base 2?
10010000010111
What is 32404 (base 12) in base 6?
1230404
7786 (base 10) to base 5
222121
-545 (base 10) to base 6
-2305
-3652 (base 9) to base 12
-16a8
-9773 (base 12) to base 16
-4107
What is -794 (base 14) in base 3?
-2001122
Convert -25d4 (base 14) to base 11.
-4aaa
517 (base 11) to base 12
43b
What is 1973 (base 10) in base 8?
3665
What is -165 (base 13) in base 10?
-252
Convert -3a9f (base 16) to base 10.
-15007
Convert a3 (base 15) to base 16.
99
Convert -3100 (base 6) to base 12.
-490
What is -97 (base 13) in base 6?
-324
-210112 (base 3) to base 10
-581
What is a843 (base 12) in base 10?
18483
What is -209b5 (base 12) in base 14?
-118c9
Convert 141 (base 12) to base 8.
301
-121222 (base 3) to base 7
-1223
Convert -324 (base 11) to base 16.
-185
Convert -41b (base 16) to base 3.
-1102221
Convert -1325 (base 9) to base 12.
-6ab
What is -534 (base 16) in base 6?
-10100
1d32 (base 16) to base 9
11224
Convert -221222 (base 5) to base 10.
-7687
Convert 33b6 (base 12) to base 13.
2808
What is -6b9 (base 14) in base 4?
-110323
-320444 (base 6) to base 14
-971a
What is 2a7 (base 13) in base 8?
733
Convert -33122 (base 5) to base 12.
-13a7
Convert 14004 (base 7) to base 4.
323001
-145231 (base 7) to base 14
-a418
Convert 300001 (base 4) to base 12.
1941
-1897 (base 10) to base 13
-b2c
Convert -32067 (base 8) to base 3.
-200100002
-660 (base 11) to base 15
-37c
What is -11100011 (base 2) in base 11?
-197
What is 43254 (base 6) in base 2?
1011100110010
What is -342 (base 11) in base 14?
-213
What is -2447 (base 16) in base 13?
-42c5
11020 (base 3) to base 11
a4
What is -478 (base 9) in base 14?
-203
Convert 206 (base 9) to base 12.
120
Convert 1101101100 (base 2) to base 12.
610
What is -10611 (base 11) in base 5?
-443004
Convert 111100001000 (base 2) to base 13.
19a0
What is 16a3 (base 12) in base 5?
41330
Convert 142 (base 11) to base 13.
cb
What is 355 (base 15) in base 5?
11010
100000 (base 2) to base 9
35
Convert 341214 (base 5) to base 4.
2330123
222331 (base 4) to base 11
207a
What is -2332 (base 5) in base 14?
-1a6
Convert -101011 (base 3) to base 10.
-274
-1277 (base 13) to base 10
-2633
What is -10021 (base 6) in base 2?
-10100011101
111100110111111 (base 2) to base 6
400143
153 (base 12) to base 6
543
Convert -8dc6 (base 14) to base 6.
-310122
Convert -1001002222 (base 3) to base 15.
-6112
-241400 (base 6) to base 12
-10260
-53b (base 16) to base 8
-2473
Convert 1100000010 (base 2) to base 3.
1001112
111220 (base 3) to base 4
11313
What is 218 (base 12) in base 5?
2213
-c70 (base 13) to base 15
-964
What is 285 (base 9) in base 4?
3233
-23dc (base 16) to base 3
-110121000
What is 2e3 (base 15) in base 5?
10123
3361 (base 9) to base 5
34420
What is -4433 (base 7) in base 16?
-638
Convert 22222 (base 3) to base 6.
1042
Convert 113 (base 8) to base 16.
4b
What is -454231 (base 7) in base 10?
-80725
What is -631 (base 8) in base 9?
-504
What is 104515 (base 7) in base 4?
10200010
Convert 23844 (base 9) to base 11.
11023
-8b39 (base 13) to base 10
-19483
What is -12 (base 10) in base 6?
-20
Convert -21001000 (base 3) to base 6.
-35430
26a54 (base 12) to base 13
1b385
100111101001 (base 2) to base 12
1575
What is -853 (base 15) in base 4?
-131112
44c (base 14) to base 10
852
Convert 2113230 (base 4) to base 8.
22754
1009 (base 10) to base 3
1101101
What is a910 (base 12) in base 11?
12a69
What is -684 (base 12) in base 13?
-592
8274 (base 16) to base 5
2032041
What is 3302 (base 7) in base 10?
1178
What is 1621 (base 9) in base 5?
14414
What is -37967 (base 10) in base 14?
-db9d
21a (base 13) to base 3
111101
What is -11020 (base 3) in base 4?
-1302
-23313 (base 11) to base 16
-8374
115 (base 11) to base 9
162
-6d9 (base 16) to base 15
-7bd
Convert -310 (base 7) to base 13.
-bb
-211e (base 15) to base 7
-26264
1a9 (base 15) to base 7
1056
What is -2282 (base 10) in base 2?
-100011101010
111010222 (base 3) to base 4
2111300
What is -715 (base 10) in base 12?
-4b7
What is 5a21 (base 12) in base 5?
310410
Convert 328 (base 10) to base 12.
234
Convert 2002121212 (base 3) to base 2.
1010000100111111
Convert 233120 (base 4) to base 13.
14c3
Convert 385 (base 10) to base 15.
1aa
Convert e7d7 (base 16) to base 13.
21026
-27a4a (base 11) to base 13
-151b5
-34024 (base 5) to base 13
-111a
What is -b211 (base 12) in base 16?
-4b6d
What is -25249 (base 10) in base 11?
-17a74
What is -1203212 (base 4) in base 2?
-1100011100110
What is -b7b (base 13) in base 9?
-2618
Convert 1220 (base 9) to base 15.
409
What is -111011011 (base 3) in base 14?
-36cd
-112042 (base 5) to base 7
-14504
What is a697 (base 16) in base 10?
42647
Convert -1001010010 (base 2) to base 5.
-4334
What is 434 (base 10) in base 3?
121002
Convert 530 (base 7) to base 11.
222
-1141 (base 8) to base 14
-317
What is 1400304 (base 5) in base 13?
cab7
Convert 10112 (base 3) to base 9.
115
1849 (base 11) to base 3
10020010
What is 5e06 (base 16) in base 8?
57006
-475 (base 15) to base 3
-1101102
What is 12201002 (base 3) in base 8?
10100
265 (base 14) to base 4
13201
What is 1ca8 (base 15) in base 11?
4757
What is 1210122 (base 3) in base 13?
7a0
719 (base 13) to base 4
102311
What is -1115 (base 6) in base 8?
-407
-eeb (base 15) to base 13
-16c4
-103020 (base 4) to base 7
-3366
1145 (base 6) to base 11
236
What is a055 (base 11) in base 16?
343a
What is 5382 (base 10) in base 8?
12406
What is 28b00 (base 12) in base 9?
86020
113442 (base 6) to base 9
14508
Convert 2d73 (base 15) to base 13.
45b7
Convert 292 (base 16) to base 15.
2dd
8627 (base 9) to base 12
3807
What is -11fb (base 16) in base 2?
-1000111111011
Convert 9b2 (base 13) to base 4.
122002
What is 264b8 (base 13) in base 14?
1bccb
Convert 32514 (base 6) to base 5.
121020
Convert 23320 (base 5) to base 3.
2100100
-7a3 (base 12) to base 14
-5ab
What is 14b (base 14) in base 13?
173
111100111001 (base 2) to base 15
124c
What is -59ab (base 13) in base 8?
-30547
-13f (base 16) to base 11
-270
563 (base 13) to base 10
926
Convert -217412 (base 8) to base 9.
-121716
What is 5047 (base 10) in base 4?
1032313
354301 (base 7) to base 14
19438
Convert -269 (base 12) to base 3.
-111200
What is -2444011 (base 5) in base 14?
-1307a
Convert 7a (base 12) to base 6.
234
What is 10000000001000100 (base 2) in base 9?
108883